0918. Determine t(114).
-72
Let y(d) = -2*d**3 - 217*d**2 + 2079*d + 83. Determine y(9).
-241
Let v(f) = 9*f**3 + 10766*f**2 + 2131*f - 312151. What is v(-1196)?
5
Let i(n) = -48442*n + 96892. Determine i(2).
8
Let p(m) = -4*m**3 - 58*m**2 - 197*m - 136. What is p(-5)?
-101
Let a(o) = -559*o - 44222. What is a(-79)?
-61
Let q(a) = a**2 + 29662*a - 385779. Give q(13).
-4
Let i(y) = 2282*y - 45626. Give i(20).
14
Let s(t) = 8*t**2 + 603*t - 483425. Calculate s(211).
-24
Let a(q) = -119791*q + 1557287. What is a(13)?
4
Let a(y) = -17913*y - 4585734. Determine a(-256).
-6
Let l(o) = -o**3 + 183*o**2 + 3569*o + 9843. Determine l(201).
-6
Let m(c) = c**3 + 77*c**2 - 390*c + 1053. Determine m(-82).
-587
Let b(a) = -a**2 + 336*a - 6920. Give b(22).
-12
Let y(h) = -1867*h + 26195. Give y(14).
57
Let y(r) = -764*r**2 + 28274*r - 192. Calculate y(37).
30
Let p(f) = f**2 + 109*f + 1613. Determine p(-93).
125
Let c(z) = -z**3 - 20*z**2 - 43*z + 278. Give c(-12).
-358
Let q(r) = 63817*r - 574387. What is q(9)?
-34
Let k(x) = 62*x**2 + 17354*x - 1670. Determine k(-280).
10
Let x(m) = 94*m**2 + 367*m - 98. Determine x(-4).
-62
Let t(l) = l**3 + 83*l**2 + 1452*l - 10722. What is t(-40)?
-2
Let b(u) = u**3 + 49*u**2 - 422*u - 8039. What is b(-54)?
169
Let h(y) = -28930*y + 231493. What is h(8)?
53
Let s(m) = 8681*m + 104170. Give s(-12).
-2
Let t(g) = 498*g - 36744. Give t(90).
8076
Let d(a) = a**3 - 3*a**2 + 2050*a - 6136. What is d(3)?
14
Let r(w) = w**3 - 7*w**2 - 443*w + 906. Give r(2).
0
Let t(u) = -4317*u**3 + 30218*u**2 - 7*u + 12. Give t(7).
-86
Let p(r) = 1172*r - 75075. What is p(64)?
-67
Let s(y) = y**2 - 2008*y - 86106. Calculate s(-42).
-6
Let m(w) = 4*w**2 + 106*w - 10. Calculate m(-28).
158
Let i(t) = 61*t + 7841. Give i(-130).
-89
Let w(j) = j**3 + 494*j**2 + 4827*j + 28. What is w(-10)?
158
Let v(l) = 2*l**3 - 9*l**2 + 690*l - 3409. Determine v(5).
66
Let f(p) = p**3 + 28*p**2 + 91*p + 1418. Calculate f(-29).
-2062
Let h(p) = 4*p**3 + 3063*p**2 + 5329*p - 14478. Determine h(-764).
38
Let g(b) = -b**3 - 17*b**2 - 72*b - 161. Calculate g(-8).
-161
Let v(o) = 10426*o - 93772. What is v(9)?
62
Let m(a) = 63*a + 554. Determine m(-13).
-265
Let h(q) = q**3 + 271*q**2 + 3628*q + 7769. Determine h(-257).
59
Let m(d) = 15*d + 5897. Calculate m(-28).
5477
Let r(k) = 14829*k - 266899. Determine r(18).
23
Let v(t) = 758*t - 90302. Calculate v(119).
-100
Let w(a) = -a**3 + 336*a**2 - 11594*a + 643. Calculate w(297).
-2624
Let j(z) = z**3 - 78*z**2 + 165*z + 4488. Calculate j(75).
-12
Let a(r) = r**3 + r**2 - 5571*r - 1011. Calculate a(0).
-1011
Let n(y) = -5*y**2 + 284*y - 937. Determine n(45).
1718
Let f(w) = -2976*w + 14860. Give f(5).
-20
Let o(u) = -746*u + 111095. Determine o(149).
-59
Let o(z) = -6362*z + 31804. Calculate o(5).
-6
Let d(r) = 247*r - 3157. Determine d(8).
-1181
Let k(p) = -306*p - 2390. Calculate k(-8).
58
Let q(v) = 783*v**2 + 54029*v + 126. Determine q(-69).
-12
Let h(g) = 9989*g - 129865. What is h(13)?
-8
Let y(p) = -2*p**3 - 233*p**2 - 53*p + 7244. Give y(-116).
-64
Let d(x) = -x**3 - 393*x**2 - 759*x + 8995. Calculate d(-391).
2
Let t(q) = -q**2 + 81*q - 1240. Give t(39).
398
Let x(c) = -c**3 + 823*c**2 + 29144*c - 5321. Calculate x(857).
-179
Let s(n) = 487*n + 103086. Determine s(-212).
-158
Let h(l) = 18094*l - 162974. What is h(9)?
-128
Let d(s) = -107*s**2 - 7276*s + 65. What is d(-68)?
65
Let m(p) = -p**3 - 42*p**2 + 235*p + 7. Calculate m(-48).
2551
Let b(p) = p**2 - 994*p + 25182. Calculate b(26).
14
Let f(a) = 589447*a + 6483918. Determine f(-11).
1
Let w(p) = 33*p**2 - 2983*p + 6955. Determine w(88).
3
Let u(d) = -26*d**2 - 1314*d + 2044. Give u(-52).
68
Let h(n) = -37*n**2 - 1130*n + 13870. Calculate h(12).
-5018
Let b(v) = -214*v**2 + 41293*v + 1750. Determine b(193).
13
Let y(u) = -23*u**2 + 182*u + 2276. Calculate y(-8).
-652
Let k(x) = 2337*x + 91167. What is k(-39)?
24
Let c(q) = 199999*q - 1800013. Calculate c(9).
-22
Let j(g) = -36*g**2 + 1745*g + 75. What is j(49)?
-856
Let h(i) = -5*i**3 + 21*i**2 + 4596*i - 9229. Calculate h(2).
7
Let t(s) = -7359*s + 397471. Determine t(54).
85
Let u(p) = 2*p**3 + 40*p**2 + 1860*p + 20009. What is u(-12)?
-7
Let t(i) = 158777*i + 476332. Determine t(-3).
1
Let f(c) = c**3 - 22*c**2 + 393*c - 10254. What is f(24)?
330
Let f(c) = 3*c**2 + 96*c - 700. What is f(-39)?
119
Let p(x) = 661*x + 869. Give p(1).
1530
Let r(x) = -5*x**3 - 355*x**2 - 2*x + 815. Determine r(-71).
957
Let s(d) = -d**3 + 64*d**2 - 384*d - 109. Give s(7).
-4
Let p(j) = 9*j - 1511. Give p(2).
-1493
Let q(h) = -213*h**2 + 8082*h + 293. Calculate q(38).
-163
Let y(h) = h**2 - 3498*h. What is y(0)?
0
Let a(k) = k**3 + 32*k**2 - 80*k - 1368. Give a(7).
-17
Let d(t) = t**3 - 80*t**2 - 352*t + 960. Give d(84).
-384
Let a(o) = -2*o**3 - 20*o**2 + 98*o - 109. Calculate a(4).
-165
Let z(x) = x**3 + 32*x**2 - 325*x - 197. What is z(-40)?
3
Let x(y) = -5*y**3 - 21*y**2 - 891*y - 3556. Determine x(-4).
-8
Let i(c) = 40588*c + 243587. Calculate i(-6).
59
Let s(i) = -73646*i - 368012. What is s(-5)?
218
Let d(p) = -16682*p - 633905. Determine d(-38).
11
Let s(a) = a**2 - 19117*a + 2468309. What is s(130)?
-1
Let v(f) = -11049*f + 187850. Give v(17).
17
Let i(s) = 646*s - 231304. What is i(358)?
-36
Let m(a) = a**2 - 624*a + 79709. Determine m(179).
54
Let b(t) = 10*t**2 + 344*t - 18912. What is b(-64)?
32
Let j(t) = -532*t - 5527. Calculate j(-9).
-739
Let u(f) = 76870*f - 845518. Give u(11).
52
Let w(h) = -h**3 + 14*h**2 - 32*h - 137. Calculate w(11).
-126
Let k(x) = 102*x - 2058. Determine k(17).
-324
Let q(k) = 9*k**2 - 1531*k + 102. Calculate q(169).
-1588
Let u(m) = -3*m**3 - 268*m**2 + 177*m + 157. Give u(-90).
427
Let u(l) = l**3 + 241*l**2 - 5*l - 796. What is u(-241)?
409
Let l(o) = -10*o**2 - 95*o + 10. Give l(-12).
-290
Let q(g) = 160*g**2 + 3180*g + 3179. Determine q(-1).
159
Let w(g) = g**2 + 8189*g - 147570. Calculate w(18).
156
Let z(w) = -5*w**2 - 276*w - 830. Give z(-3).
-47
Let v(x) = -x**3 - 2*x**2 + 2007*x + 7990. What is v(-4)?
-6
Let f(l) = -l**2 - 234*l + 14418. Give f(50).
218
Let t(b) = -27711*b - 83122. Determine t(-3).
11
Let c(m) = -9774*m + 39088. What is c(4)?
-8
Let t(o) = -6541*o + 824165. Give t(126).
-1
Let d(h) = 40*h**2 + 178*h - 60. Determine d(-6).
312
Let w(t) = 2268417*t - 9073665. What is w(4)?
3
Let x(d) = -d**3 - 172*d**2 + 4698*d - 1186. Give x(-196).
-10
Let d(u) = -633*u**3 - 187*u**2 - 152*u + 37. Give d(-1).
635
Let p(g) = -g**2 - 74*g - 456. What is p(-67)?
13
Let o(x) = 5197*x - 4219987. What is o(812)?
-23
Let b(y) = 15*y**3 + 1452*y**2 - 294*y - 271. What is b(-97)?
20
Let y(q) = -q**3 + 60*q**2 - 720*q + 62497. Give y(64).
33
Let c(k) = -k**2 - 85*k - 1354. Determine c(-51).
380
Let j(p) = 6*p**3 - 29*p**2 - 158*p + 720. What is j(5)?
-45
Let o(v) = 7*v**2 - 526*v + 341. Calculate o(70).
-2179
Let y(a) = a**2 - 306*a + 14189. Calculate y(249).
-4
Let v(k) = 7*k**3 - 396*k**2 - 261*k + 5277. Calculate v(57).
147
Let c(p) = -3992*p + 195616. Determine c(49).
8
Let g(b) = -81*b**3 - 3*b**2 - 4*b + 4. Give g(-3).
2176
Let x(g) = -5440*g + 32642. Give x(6).
2
Let l(q) = -143*q + 4388. Determine l(61).
-4335
Let j(r) = 107280*r - 429129. Give j(4).
-9
Let z(j) = 239*j + 17098. Determine z(-71).
129
Let c(w) = -52*w**2 - 3387*w + 10156. Determine c(3).
-473
Let c(p) = 2*p**2 + 106*p - 1778. Give c(-66).
-62
Let a(x) = 3*x + 424. Give a(-212).
-212
Let r(x) = -6*x**3 + 513*x**2 - 259*x + 332. What is r(85)?
-8
Let o(f) = -4*f**2 - 3877*f - 19385. Determine o(-5).
-100
Let t(u) = -268*u - 6908. Calculate t(-26).
60
Let g(z) = -z**3 + 9*z**2 - 112*z - 421. Give g(-4).
235
Let r(o) = o**3 - 158*o**2 + 623*o - 1047. Calculate r(154).
31
Let m(a) = -12*a + 1582. Determine m(87).
538
Let a(s) = 12*s**3 - 1707*s**2 + 29640*s + 735. Determine a(122).
3
Let i(n) = 2353*n**2 - 912966*n + 780. Give i(388).
4
Let j(y) = y**3 - 87*y**2 - 17296*y + 1059. Calculate j(182).
-33
Let w(a) = -a**3 - 328*a**2 - 2284*a - 12756. Determine w(-321).
-879
Let y(c) = -c**2 - 20*c + 172994. Calculate y(-426).
38
Let m(y) = -y**3 - 284*y**2 - 8940*y - 3016. Give m(-248).
-40
Let h(z) = 12612*z + 5650140. Give h(-448).
-36
Let z(r) = 32*r**2 + 51*r - 98. What is z(2)?
132
Let b(n) = -9246*n**2 + 13868